 is the highest common factor of 39 and f?
3
Suppose 0 = u - 4*y - 52, 3*u + 5*y - 61 = 44. Let d be (1/2)/(5/u). Calculate the highest common factor of 14 and d.
2
Let m be (3 - 14/4)*-508. Suppose -5*a + m = -4*t, -5*a + 248 = t + t. What is the greatest common divisor of 20 and a?
10
Let z(p) = 48*p + 910. Let i be z(-13). What is the greatest common factor of 26 and i?
26
Suppose 336*z = 367*z - 9889. Calculate the greatest common divisor of z and 87.
29
Let p(b) = 5*b**2 - 29*b + 9. Let c be p(6). Calculate the highest common factor of 12 and c.
3
Let u = -6 - -10. Suppose -6*n + 8 = -u*n. Suppose -4*b + 5*b = n. What is the greatest common factor of b and 32?
4
Let u(t) = -t**3 - 6*t**2 + 9*t - 13. Let c be u(-8). Let w = 74 - c. Calculate the highest common divisor of w and 124.
31
Let n = 893 - 886. Let j be (-2622)/(-22) + 6/(-33). What is the highest common divisor of n and j?
7
Suppose 6 = -2*c, 4*y + 43 = 2*y - c. Let f be y/(-3)*36/15. Calculate the highest common divisor of 112 and f.
16
Suppose 0 = -25*a + 12*a + 208. Calculate the greatest common divisor of 272 and a.
16
Suppose 0 = -2*m + 2*s + 364, 3*m - 2*s - 471 = 73. What is the greatest common factor of 135 and m?
45
Let f be 0 - (-12)/4*2/3. What is the highest common divisor of f and 8?
2
Suppose 0 = -5*x + 6 - 1. Let p be 9/3*(5 + -4). Suppose x + 2 = p*m. What is the highest common divisor of 1 and m?
1
Let o(i) = -i - 1. Let y be o(-1). Suppose -480 = -11*c + 6*c. Suppose y*g + 4*g = c. What is the greatest common divisor of g and 3?
3
Suppose -3*u - 42 = 2*m + m, -u + 46 = -5*m. Let c = -189 + 307. Let l be c/10 - m/50. What is the highest common divisor of 24 and l?
12
Let f be 2/(-4) - (15/2 + -2). Let k be (-64)/f*(-4 - 268/(-16)). Calculate the greatest common factor of k and 34.
34
Let b be 351 + (-41)/(-123)*3/(-1). Calculate the greatest common factor of 490 and b.
70
Suppose 4*p - 11 = 4*h + 5, -1 = 4*h + p. Let o be (h + (-3)/5)/((-3)/15). Calculate the greatest common divisor of o and 56.
8
Let m be (-4)/34 + (-414)/(-51). Let r be m/12 - (-1)/3. Suppose -2*j = -18 - 4. Calculate the greatest common divisor of j and r.
1
Let o = -3 + 1. Let v be (-1 + o)*69/(-9). Suppose l - 22*l = -3381. What is the highest common factor of v and l?
23
Suppose -x = -d + 23, -4*x - 79 = -3*d - 8. Calculate the highest common factor of 111 and d.
3
Let k = 103 - 11. Calculate the highest common divisor of k and 322.
46
Let d be ((-4)/3)/((-5)/510). Suppose 0*z - x = 3*z - 54, 3*z = 4*x + 39. Calculate the greatest common divisor of d and z.
17
Suppose -j + 2*j - 4 = 0. Suppose -60 + 0 = -j*v - s, 24 = 2*v - s. Calculate the highest common divisor of 2 and v.
2
Let k = 96 + 45. Calculate the highest common divisor of 47 and k.
47
Let b = 6 + 18. Suppose -191 = 2*f - 3*f. Let m = f - 95. Calculate the highest common factor of b and m.
24
Suppose -y - 4 = 0, -3*w - 2 = -0*y + 5*y. Let k be 10*3/w + 50. What is the greatest common divisor of 5 and k?
5
Suppose 5*f - 109 = -84. Let g be (7/3)/((-5)/(-75)). Calculate the highest common divisor of f and g.
5
Let g be 2725/(-20) - (-3)/12. Let t = 15 + g. Let j = 19 - t. What is the greatest common divisor of j and 56?
28
Let x be 9/6 + ((-284)/(-8) - -2). What is the highest common factor of 351 and x?
39
Suppose 21*r = 18*r + 798. What is the highest common divisor of r and 38?
38
Suppose -4*c - 11 - 17 = -4*r, -33 = 5*c - 3*r. Let k be 4/c + 64/6. What is the highest common divisor of k and 10?
10
Let x(o) = -12 - 7 + 13*o + 2 - 4*o. Let t be x(9). What is the greatest common factor of t and 160?
32
Let c(z) = -z**3 + 35*z**2 + 75. Let o be c(35). Calculate the greatest common factor of o and 6.
3
Let k(h) = 3*h - 3*h + 31 + 11*h. Let q be k(16). What is the highest common divisor of 23 and q?
23
Let q = 1071 - 960. What is the greatest common divisor of q and 888?
111
Let v be (-70)/15*3/(-2). Suppose 3*u = v*u - 52. Suppose 130 = -k + 3*k. What is the greatest common factor of k and u?
13
Suppose -u + 25 = 4*u. Let k be (8/(-1))/(-2*u/10). Calculate the greatest common factor of k and 88.
8
Suppose x - 30 = -j, -2*x - 20 = -3*x + 4*j. Let w(y) = -2*y + 54. Let p be w(-8). What is the highest common factor of p and x?
14
Suppose 5*c + 56 + 84 = 0. Let h = c - -53. Let v be (12/15)/(2/h). Calculate the highest common divisor of 10 and v.
10
Let b be 3/(2/(-4)*-2). Let g = 13 + -16. Let w(q) = -q**2 - 4*q + 3. Let j be w(g). What is the highest common divisor of b and j?
3
Suppose 309 = 2*l + l - 3*w, 0 = -2*l - 4*w + 176. Let n be (l/7)/((-2)/(-10)). Suppose -3*g + 28 = -2*g. What is the greatest common factor of n and g?
14
Suppose -4*z - 3*z = -49. Calculate the greatest common factor of z and 35.
7
Suppose 0 = -3*n - 11*n + 1764. Let g = 3 - 1. Let h be 2 - (g + -4 + -10). What is the greatest common factor of h and n?
14
Let w be (-3 - -3 - -1)*21. Suppose -6 + 27 = 7*j. Calculate the highest common factor of w and j.
3
Let n = -14 - -93. Let z = -65 + n. Calculate the highest common divisor of z and 2.
2
Suppose d - 57 = -3*n + 82, -5*d = 3*n - 155. Calculate the highest common factor of 180 and n.
45
Suppose 0 = -28*m + 8296 + 888. What is the highest common factor of m and 41?
41
Let m = 2 - -1. Let x = m - 2. Let f be 1 - (-2 + x) - -113. What is the highest common divisor of 23 and f?
23
Let c be 1 - 194/(-4) - (-279)/558. What is the highest common divisor of c and 490?
10
Suppose p + 4*n - 28 = -p, 4*n - 44 = -4*p. Let z be (-4)/p + 0 - (-43)/2. What is the highest common divisor of 105 and z?
21
Let c be 18/(-27) - 794/(-3). Suppose 5*r + 2*a = 2*r + 264, 2*a = 3*r - c. Suppose 0 = -0*f + 5*f - 110. What is the greatest common factor of f and r?
22
Suppose 2*h - 5*a = 15, -2*h - 3*a + 25 = 2*a. What is the highest common factor of 5 and h?
5
Let g(p) = -11*p - 1. Let z be g(-2). Let m(x) = 7 - 9*x - 3*x**3 + 4*x**3 + 10*x**2 - 1. Let f be m(-9). What is the greatest common factor of f and z?
21
Suppose 0 = -3*v + 45 + 9. Suppose 4*d = 12*h - 13*h + 500, 0 = 4*d - 3*h - 516. What is the greatest common divisor of d and v?
18
Suppose j + 3*j = 2*u + 182, 0 = j + 3*u - 42. Calculate the greatest common divisor of 2205 and j.
45
Suppose -188 = 12*s - 1508. What is the highest common divisor of s and 66?
22
Suppose 255*z - 226*z = 1479. What is the greatest common divisor of z and 1428?
51
Let q = 3187 + -1081. What is the highest common factor of 18 and q?
18
Let r be (-11)/2*(-68)/2. Calculate the highest common factor of r and 11.
11
Let o be 415/45 - 2/9. Suppose o*x = 16*x - 364. Suppose 0*d - 390 = -3*d. Calculate the greatest common factor of d and x.
26
Let q(b) = -b**3 + 12*b**2 + 2*b - 2. Let h be q(10). Suppose k = 3*n + 50, 7*k - 3*n - h = 3*k. Calculate the highest common divisor of 7 and k.
7
Suppose 2*n - 61 + 67 = 0. Let v(l) = -2*l + 11. Let y be v(n). Calculate the highest common factor of y and 85.
17
Let u = -157 - -322. What is the greatest common divisor of 30 and u?
15
Let t = -31863 - -31887. Let w(x) = x**3 - 2*x**2 + x - 4. Let q be 5 - (2 + 0 + 0). Let n be w(q). Calculate the greatest common divisor of t and n.
8
Let d(s) = 22*s**2 + 2. Let a be d(1). Let y be (-24)/(-20)*10/4. Calculate the highest common factor of y and a.
3
Let v(i) = i**3 - 9*i**2 - 9*i + 11. Let h be v(10). Suppose 3 + 11 = 2*x. What is the greatest common factor of h and x?
7
Let f(v) = v**3 - 28*v**2 + 28*v - 35. Let c be f(27). Let q be (476/(-8))/(4/c). Calculate the highest common divisor of q and 7.
7
Suppose 0 = -2*b + 2 + 38. What is the greatest common divisor of b and 10?
10
Let y(x) be the first derivative of 5*x**3/3 + 2*x**2 - 6*x - 13. Let b be y(2). Suppose -a + 69 - 14 = 0. What is the greatest common factor of a and b?
11
Let z(q) = q**3 - 5*q**2 + 2*q + 10. Suppose 10 = -3*k + 5*k. Let m be z(k). Calculate the highest common divisor of 50 and m.
10
Suppose g - 3*h + 142 = -123, -3*g + 2*h = 823. Let c = -123 - g. Let o = -21 - -35. Calculate the highest common factor of c and o.
14
Let i = 33 - 13. Let u = i + 6. What is the highest common divisor of u and 52?
26
Suppose 3*y - 2304 = 3*n, 111*y - 113*y = 2*n - 1520. What is the highest common factor of 4 and y?
4
Suppose -3*c = 2*z - 0*c - 19, 5*c = 